3*b - 12 = 0. Let u = z + 25. Is u a prime number?
False
Let w(a) = 7*a**3 - 5*a**2 - 2*a + 71. Let v(g) = 16*g**3 - 9*g**2 - 5*g + 142. Let c(y) = -4*v(y) + 9*w(y). Is c(-24) a prime number?
True
Let c(t) = 547*t**2 + 231*t - 2033. Is c(9) a composite number?
True
Let x(b) = -12*b**3 + 7*b**2 + 28*b + 39. Let i be x(-16). Suppose 16*v - 21*v = -i. Let g = v - 6596. Is g composite?
False
Suppose -2*f + 6*f + 2*f - 128562 = 0. Is f prime?
False
Suppose 5*h = b - 339417, 21 - 33 = 3*h. Is b a prime number?
False
Suppose 8*g + 0*g - 40 = 0. Suppose -2176 = 4*r - g*r. Let y = -777 + r. Is y composite?
False
Let j(w) = -5*w**2 + 2*w - 2178. Let u(h) = -h**2 + h - 1. Let i(l) = -j(l) + 4*u(l). Is i(0) composite?
True
Let i(q) be the second derivative of 41*q**4/4 + 4*q**3/3 + 13*q**2/2 - 8*q + 1. Is i(-4) prime?
True
Is (-5)/2*1921576/(-20) a composite number?
False
Let j = 26286 + -18170. Let r = 12497 - j. Is r prime?
False
Let h = 137 + 3206. Let c = h + 994. Is c a prime number?
True
Suppose -4121*s = -4112*s - 1017801. Is s composite?
False
Let n = 1238056 + -806279. Is n a composite number?
False
Let x(u) be the first derivative of -483*u**2/2 + 14*u - 310. Is x(-5) prime?
False
Is (-78)/273 + (-1222)/(-4)*(-7030)/(-7) composite?
False
Let f(m) = 8*m. Let h be f(-2). Suppose 3*q - 2*n = 103, 0*n + 65 = 2*q - 5*n. Let v = h + q. Is v composite?
False
Let a(f) = 162*f**2 + 2*f - 1. Let n = -2 + 6. Suppose -3*z + 17 = 5*o, 4*z - 21 + 1 = -n*o. Is a(o) a composite number?
False
Is (191/3)/((-26705)/(-1335) - 20) a prime number?
False
Suppose -2*p + 92910 = -4*v, 0*v = p - v - 46457. Is p a composite number?
True
Is (-53918 + (-6 - (-28)/4))/(-1)*5 prime?
False
Let v(m) = -238*m**3 + 16*m**2 - 105*m - 601. Is v(-6) a prime number?
False
Suppose 48*t - 196584 = 42*t. Suppose 4*f + 5*i = t, -2*f + 2*i - i = -16382. Is f prime?
True
Suppose 86*d = 80*d - 18. Let y be (22/(-4))/((d/702)/1). Suppose 0 = k - y - 272. Is k composite?
False
Let v be 1/((-40)/16 - (-144252)/57704). Let m = 4688 - v. Is m a prime number?
False
Suppose g - 11 = 4*k, -5*k + 4 = -2*g + 17. Let a be (5 + k)*(-1952)/(-1). Suppose -a = -4*p - 4*r, r + 2*r = -4*p + 3902. Is p a composite number?
True
Suppose 0 = 4*o - 12, -3*y + 4*o - 7*o = -90. Suppose -22555 = 22*g - y*g. Is g composite?
True
Suppose -24*t + 56*t - 160 = 0. Is (-48311)/t*13/(39/(-15)) a prime number?
True
Suppose p = -14*p + 8281719 - 2845104. Is p prime?
False
Let p be (-13)/(-39)*(-3 + -21). Is (-2)/p - 641604/(-48) composite?
False
Let t(x) = x - 4. Let z be t(4). Let a be (1 - (z - -3))/((-6)/21). Suppose -a*i - 318 = -1879. Is i prime?
True
Let t(c) = -14595*c + 407. Is t(-4) a composite number?
False
Suppose n - 601838 = h, 312*n - 317*n = 3*h - 3009230. Is n a composite number?
True
Let p be 12/(30/8 + 75/(-100)). Let h(g) = 476*g**2 - g - 1. Let q be h(-2). Suppose -p*m - m = -q. Is m composite?
True
Is 32/40 + 4461941/55 a composite number?
True
Let v(h) = -596*h - 3. Let n(m) = -m**2 - 26*m - 2. Let u be n(-26). Let b(r) = 2382*r + 13. Let w(l) = u*b(l) - 9*v(l). Is w(3) a composite number?
False
Suppose 40673 - 166013 = -15*f. Let c = 6545 + f. Is c a prime number?
False
Suppose -y + 3*u + 26249 = 0, -9*u = y - 10*u - 26241. Is y prime?
True
Suppose -79 - 1970 = z. Let j = z - -2914. Is j composite?
True
Let x be (0 + 5 - -1)*12/9. Let d be -1 - 272 - (7 - x)/(-1). Let i = 393 + d. Is i a prime number?
False
Let w = 40 - 23. Let p(z) = 22*z - 111. Let v(x) = -x**2 + 46*x - 249. Let f(q) = 7*p(q) - 3*v(q). Is f(w) a prime number?
True
Suppose -3*h + 90306 = 6*i, 5*i - 27029 - 48224 = -3*h. Is i a composite number?
False
Let v(a) = 4*a - 12. Let k be v(3). Suppose k = 15*i - 46 - 29. Suppose 0 = -y + 2*r + 304 + 619, 0 = i*y + 5*r - 4600. Is y a composite number?
True
Suppose 708*l - 10 = 703*l. Suppose 0 = a - l*u - 2569, 4*a - u - 7732 = a. Is a composite?
False
Let z be (-2 - -11)/(15/19340). Suppose -4*o - z = -7*o. Suppose 2*v + 4835 = 5*n, 0 = -n + 5*n - 2*v - o. Is n prime?
True
Suppose 26*v - 27*v = -5294 - 75341. Is v a prime number?
False
Let k(x) = 758*x**2 + 84*x + 931. Is k(-9) prime?
False
Let a(h) = -194*h - 11. Let j(p) = p - 1. Let i(t) = -a(t) - 6*j(t). Let x be i(-6). Let z = x + 1632. Is z a composite number?
False
Let q(f) = 5*f**2 + 7*f + 4*f**2 + 190 - 49 + 36*f - 2*f. Is q(-29) prime?
True
Is ((-153176)/6 + -2)*-8*(-66)/(-352) a prime number?
False
Is (-36234 + -9 + -8)/(-1) a prime number?
True
Let f(i) = 5*i + 59. Let u be f(-11). Suppose t + 20 = -u*t, -5*v - 3*t + 161163 = 0. Suppose 15*j - v + 8490 = 0. Is j prime?
True
Let u(p) = 166449*p + 1562. Is u(7) prime?
False
Let j(z) = -22*z - 3154 + 132*z**2 + 3156 - 9*z**2. Is j(9) a prime number?
True
Let p = -713 + 716. Suppose 2*c = p*n + 583, -10*c + 14*c - 1168 = 4*n. Is c prime?
True
Let u(j) = -23*j + 78. Let i be u(3). Is -5 - -41 - 3*15/i prime?
True
Is -22 - (-26 + 3) - ((-48510)/2 - 1) a composite number?
True
Let r = 1275 - 371. Suppose 55 + r = v. Is v a prime number?
False
Let l be (-102)/68*(-1)/((-3)/(-4)). Suppose 2898 = k + 7*f - 9*f, l*k - 5792 = 2*f. Is k prime?
False
Let q(v) = -13*v + 67. Let g be q(5). Suppose -4*p - g*p = -3498. Is p a prime number?
False
Let f(l) = l + 25. Let o be f(0). Suppose q + o = 2*q. Suppose -24*y - 131 = -q*y. Is y a prime number?
True
Let q(j) = 4*j**2 - 8*j + 14*j**3 - 13 - 13*j**3 - 7*j. Is q(-5) composite?
False
Let m(a) = 387*a + 48 - 20 + 73 + 563*a. Is m(10) composite?
False
Let g = 192503 - 68304. Is g composite?
False
Let u(f) = -948708*f**3 - 2*f**2 + 9*f + 10. Is u(-1) prime?
True
Let b(i) = i**3 + 8*i**2 - 7*i - 38. Let l be b(-7). Suppose 0 = -4*u + 4*r + 60, -4*u + l = -6*r + 3*r. Suppose -10*y + u*y = 385. Is y a prime number?
False
Suppose 55 = -17*r + 12*r. Let h(a) = -2*a**2 - 25*a - 31. Let x be h(r). Is 6/9*6843/x composite?
False
Suppose 3*a - 3 = 0, 3*v - 4*v + 2*a + 8 = 0. Let m(l) = -l**3 + 9*l**2 + 14*l - 1. Is m(v) a prime number?
False
Let y(x) = 365*x + 159. Let d(l) = 73*l + 32. Let c(m) = 11*d(m) - 2*y(m). Suppose 0 = i - s - 175 + 164, 8 = -s. Is c(i) prime?
False
Let p = 78534 - -61669. Is p composite?
True
Suppose 2*p + 3*m - 42364 = 0, -5*m - 61245 - 44640 = -5*p. Is p prime?
True
Let q be (-640)/(-30)*(-12)/(-16). Suppose q*f - 41*f + 69175 = 0. Is f composite?
False
Let f = 73112 - 34963. Is f composite?
False
Let a = 35922 - 24071. Suppose 34*k = 27*k + a. Is k a composite number?
False
Let v be -2*10/60*72/(-2). Is 1923705/378 - 2/v composite?
True
Let j be ((315/4)/5)/(2/16). Let z = j + 30. Let t = 67 + z. Is t a prime number?
True
Let u be ((-4)/(-3))/(4/(-6)) + 77. Suppose 4*i + i = u. Is ((-6)/(-4))/(i/3310) composite?
False
Let b = 169956 + -68435. Is b a composite number?
True
Suppose -4*t + 3*t - 5*t = 0. Suppose -3*g + 23613 + 2724 = t. Is g prime?
True
Let g be (-2 + 6 - -2)/((-3)/2). Let i be ((-54)/(-8))/(g/(-240)). Let f = i + -4. Is f a composite number?
False
Let x = -63938 + 89805. Is x a prime number?
True
Suppose 2000 - 14690 = -9*g. Suppose -4*s + 1852 = 3*l, -s - 2*s = -3*l - g. Suppose 2*p + s = 2004. Is p composite?
False
Let k(i) = 90*i**2 + i + 6. Let y be k(-10). Suppose -9838 = -6*d + y. Suppose -5*w + 4*m + d = 0, -4*w - 5*m = -7*w + 1873. Is w a prime number?
True
Suppose 21 = 5*i + 1. Let x(w) = 180*w**3 - 4*w**2 - w - 17. Is x(i) prime?
False
Let w(d) = 208*d**2 - 9*d + 2. Suppose 0*v - 150 = -6*v. Let h be ((-10)/v)/((-8)/60). Is w(h) prime?
True
Suppose 5*r + 27 = 4*n, -r + 0*r - 15 = -2*n. Suppose x + 0*x = v - 1, 2*v - n = -4*x. Suppose -v*f + 4*f = 590. Is f composite?
True
Let a(m) = 6 + 27*m + 11 + 7 + 66*m - 1. Let n(b) = -b**2 - 7*b - 2. Let z be n(-5). Is a(z) a prime number?
False
Suppose 0 = -0*f - 3*f + x + 162173, -2*x = -3*f + 162178. Suppose -8*d - 9320 = f. Is d/(-8) + 63/84 a prime number?
True
Let k(o) = 3617*o + 1297. Is k(26) prime?
True
Suppose -3*g + 136896 = -258231. Suppose -24*p + g = -61563. Is p prime?
True
Suppose -a - 3*x + 2331 = 0, -11655 = -5*a + 4*x - 3*x. Suppose -3*u = 6*u - a. Is u a prime number?
False
Let g(a) = 258*a + 6. Let t be g(6). Let x(p) = p**3 - 9*p**2 - 14*p + 40. Let w be x(10). Suppose 4*u - 1122 - t = w. Is u composite?
True
Suppose -2*h - 15 = -u, -31 - 14